6. Let i be v(7). Let w = i - -48. Suppose 19*l - 90 = w*l. What is the greatest common divisor of l and 45?
9
Let a be (-3)/(19/10 - 2). Suppose 0 = 23*k - 36*k + 390. Calculate the highest common factor of k and a.
30
Suppose 11*c = 176 + 759. Suppose -4*f - f - 4*a + 324 = 0, 2*a = 5*f - 348. What is the highest common factor of f and c?
17
Let i be 300/4*(3 - (-133)/35). Let q = i - 422. Calculate the greatest common factor of 198 and q.
22
Let g = -5749 - -7405. Calculate the highest common factor of g and 9.
9
Suppose -63*j = -75*j + 1008. Let h = 136 - j. Let i(z) = z**3 - 6*z**2 + 2*z + 1. Let g be i(6). Calculate the greatest common factor of g and h.
13
Let s(i) = i + 44. Suppose 0 = 6*r - 5*r. Let m be s(r). Let o be (-56)/(-6) - 960/(-576). Calculate the greatest common divisor of o and m.
11
Let v be (-1)/((-5)/(1 - -54)). Let h = -3281 - -3336. Calculate the highest common factor of h and v.
11
Suppose 283 + 95 = 63*y. Calculate the greatest common divisor of y and 303.
3
Suppose -168 + 108 = 10*l. Let q(i) = 30*i**2 - 3*i + 22. Let f be q(l). What is the highest common divisor of f and 35?
35
Let q be 3/((-18)/(-12)) - 3*-9. Suppose -4*w + 497 = 3*b - 92, 0 = -4*w - 4*b + 592. Calculate the highest common divisor of w and q.
29
Let f(p) = p**2 - 15*p - 79. Let k be (35/21 - -5)*(5 - 2). Let y be f(k). What is the greatest common factor of y and 357?
21
Let k = 2757 - 2739. Let n = 0 - -2. Suppose -2 + 11 = n*z - r, 2*z + r = -1. What is the greatest common factor of z and k?
2
Let l be ((-10)/(-15))/((-4)/(-78)*-1). Let b be ((-10)/8)/(((-104)/(-128))/l). Let i be b - (-2)/3*6. Calculate the greatest common factor of i and 72.
24
Let x = -6 - -10. Let m = -2543 - -2575. Calculate the greatest common factor of m and x.
4
Let r be 11*(-235)/(-15) - (-45)/27. Let l be 7*r*(0 + 3/6). What is the highest common divisor of 63 and l?
21
Let d(r) = -r**2 - 30*r + 74. Let l be 1*-31 - (18/(-3) + 6). Let y be d(l). What is the highest common divisor of y and 301?
43
Suppose -5*c + 2070 = -0*c. Let t be 330/(-352)*(-2400)/125. Calculate the highest common factor of t and c.
18
Suppose -11*s - 8*s = 8987. Let f = 1040 + s. Calculate the greatest common factor of f and 63.
63
Let j(h) = 4*h**2 - 3*h - 6. Let u be 12/2 + (-8)/2. Let x be -4 - 0 - (2 - u)/2. Let z be j(x). Calculate the highest common divisor of 42 and z.
14
Let z = -164 - -169. Let c(h) = 5 + 16*h**3 + 5*h**2 - 9*h**3 + 6*h - 8*h**3. Let b be c(6). What is the greatest common divisor of z and b?
5
Let n be 21 + (-11)/((-22)/(-16)). Suppose 3*w - 38 = 2*o + 43, 4*o = -w + n. What is the highest common divisor of w and 225?
25
Let g(r) = 287*r + 53. Let k be g(5). What is the greatest common divisor of k and 96?
48
Let n = 130 - 128. Suppose -5*d + 21 = -2*q, 142*q + n*d - 16 = 139*q. Calculate the highest common factor of 26 and q.
2
Let g be 6/4*(4 - (1 - -9)). Let v be ((-6)/g)/(2 - 1240/621). What is the highest common divisor of v and 9?
9
Suppose 217*u - 407209 - 517862 = 0. Calculate the highest common divisor of 147 and u.
147
Let q = 2703 + -2381. Calculate the greatest common divisor of 391 and q.
23
Suppose -40 = -4*b + 128. What is the greatest common factor of 258 and b?
6
Let r be 18*6194/(-285)*10/(-4). What is the highest common factor of 6 and r?
6
Let o = -153 - -155. Suppose -2 - 31 = -3*t - o*j, 5*t - 5*j = 80. What is the highest common factor of t and 1?
1
Suppose 12*l - 57 - 109 = 422. Calculate the greatest common factor of l and 203.
7
Suppose -6*b + 2*b + 4800 = -p, 0 = -5*b - 3*p + 6000. What is the greatest common factor of 48 and b?
48
Suppose -85*k + 10255 - 2180 = 0. What is the highest common divisor of k and 76?
19
Let f(n) = 10 + 5*n**2 + 4*n - 1 - 2*n. Let s be f(-7). Suppose s = 4*c - 0*c. What is the highest common factor of c and 30?
30
Let o = 15 - 5. Suppose 1350 = 305*m - 295*m. Suppose 7*j - 4*j - m = 0. What is the highest common divisor of j and o?
5
Suppose 0 = -471*y + 507*y - 313992. Calculate the greatest common divisor of 89 and y.
89
Let a(d) = d**3 - 66*d**2 + 810*d - 134. Let b be a(50). Calculate the highest common factor of b and 156.
6
Suppose 5*n = 2*j - 9, -j + 4*n + 6 = -0*j. Suppose -3*p + 3 = 3*z, j*z = -p - 2 - 1. Calculate the highest common factor of p and 30.
5
Let r(f) be the first derivative of 5*f + 12 - 3*f**3 + 1/2*f**2 + 1/4*f**4. Let s be r(9). What is the greatest common factor of s and 56?
14
Suppose 42*r = 25*r + 34. Suppose 0 = -2*b + 4, -g - 47 = -2*g + r*b. What is the greatest common divisor of 153 and g?
51
Suppose -g - 290 - 437 = -4*y, 3*y - 550 = -4*g. What is the highest common factor of y and 14924?
182
Let h be (-17)/(-2) - (-4)/8. Suppose 4*u = 2*v + 14, 13 = -2*u + 5*u + v. Suppose -u*y + 3 = -h. Calculate the greatest common divisor of 2 and y.
1
Let w(i) = -88*i**3 + i**2 + 2*i + 1. Let u be w(-1). Let g = -8545 - -8567. What is the greatest common divisor of u and g?
22
Suppose 2*p - 915 + 911 = 0. Suppose -n - 6 = w - 3, 4*w + 4 = -p*n. Let q(b) = 8*b**3. Let u be q(1). What is the greatest common factor of w and u?
1
Let q be (-81 - 1)/((-501)/32565). Calculate the greatest common divisor of 78 and q.
26
Suppose -100 = -2*v + 10*k, 20*k = -3*v + 16*k + 169. Suppose -4*i = 23 - 67. What is the greatest common factor of i and v?
11
Suppose 29 = -3*h - 4*f, 3*h + f = 2*f - 34. Let s be (h/(-4))/(6/24). Calculate the greatest common factor of 22 and s.
11
Suppose 4146*v + 844460 = 4791452. Suppose -m + 49 + 7 = 0. What is the highest common divisor of m and v?
56
Let z(i) = 54*i**2 + 21*i - 80. Let f be z(4). What is the greatest common divisor of f and 186?
62
Suppose 1500 = 60*x - 70*x. Let l = -122 - x. What is the greatest common factor of l and 672?
28
Let u = -868 + 2312. Calculate the highest common factor of 228 and u.
76
Let l be ((-1 - -1)*1)/2. Suppose -4*w + 323 + 13 = l. Suppose -327*o - 25 = -347*o + 215. What is the highest common factor of o and w?
12
Let o(d) = d**2 + 9*d + 2 + 21 - 2*d**2 - 11. Let r be o(5). What is the highest common divisor of r and 256?
32
Let n(z) = z**3 - 14*z**2 - 15*z + 5. Let w be n(15). Suppose 4*d - 27 = w*d. Let h be d/(-1) + 1 + -2. Calculate the greatest common factor of 13 and h.
13
Let f = 48 - 28. Calculate the greatest common factor of 2540 and f.
20
Suppose 589*s - 584*s + 5 = 0, 2*s = 3*q - 194. What is the highest common divisor of 20512 and q?
32
Suppose -3*a + 3*f + 219 = -2*f, -249 = -3*a - 5*f. Suppose a - 92 = -g. What is the greatest common divisor of g and 56?
14
Let b be (-833)/68 + (-1)/(-4). Let p be (-9)/b + (-423)/(-12). What is the greatest common divisor of p and 84?
12
Let i be (0 - -9)*(5 + (-48)/9). Let a be 141 + i + 1 - 3. Let u = a - -54. Calculate the highest common factor of u and 76.
38
Let g(v) = v**3 - 29*v**2 - 20*v - 11. Let k be g(30). Suppose -10 = -2*n - 4, -42 = -3*d + 3*n. What is the greatest common factor of d and k?
17
Suppose -103*v + 83*v + 164260 = 0. What is the highest common factor of 382 and v?
191
Let m be (2/3)/(41/((-8118)/(-44))) - -17. Suppose 2*y - 3*z - 125 - 107 = 0, 3*z = -12. What is the greatest common factor of m and y?
10
Let g(p) = p**3 + p**2 + 2*p + 2. Let v be g(-2). Let d be 276/v*(-1 + 6/(-4)). Let o be (-2)/4 - (-93)/2. What is the greatest common factor of o and d?
23
Let s be (-4 + 5)*(111 + -36). What is the greatest common divisor of 5235 and s?
15
Let l(p) = -p**3 + 15*p**2 - 27*p - 10. Let u be l(13). Let j = 50 - u. Let k = 101 - j. Calculate the greatest common divisor of k and 4.
4
Let r be 1/(3/75) + -1. Let x(k) = k**3 - 51*k - 88. Let l be x(-5). What is the highest common factor of r and l?
6
Let j = 589 + -584. What is the highest common factor of 895 and j?
5
Let p be 126/10 + (-81)/135. Let d be (-40)/p*126/(-35). Calculate the highest common divisor of d and 96.
12
Suppose 0 = 4*l - 199 - 149. Suppose 2*j = -2*s + 164, 5*j + 152 = 4*s - 221. What is the highest common factor of s and l?
87
Let w be -75*(-25)/9375 - 168/(-10). Let i = 169 - 84. Suppose 2*u - 7*u = -i. What is the greatest common divisor of w and u?
17
Suppose 0 = -5*t + 3*l + 71, -3*t + 39 - 4 = 2*l. Suppose 0 = -5*m + 3*m + 10. Suppose -m*c - 546 = -11*c. Calculate the highest common div